001010011010111001 (base 2) to base 7
2406463
Convert 1300b16 (base 12) to base 11.
2120520
Convert d471c (base 16) to base 11.
544856
1ca452 (base 14) to base 7
11505332
-225902 (base 11) to base 12
-1539b6
Convert 851318 (base 10) to base 12.
3507b2
What is -94285 (base 10) in base 8?
-270115
11101011100111000000 (base 2) to base 7
11126401
Convert -106a90 (base 11) to base 14.
-46118
Convert 110011001011111000010 (base 2) to base 9.
3135671
What is 256247 (base 8) in base 9?
145382
Convert 75511 (base 10) to base 2.
10010011011110111
What is 9116 (base 13) in base 11?
13aa7
Convert c12e0 (base 16) to base 13.
219206
Convert -32268 (base 14) to base 9.
-204248
Convert 13135014 (base 7) to base 6.
41433510
What is -120151123 (base 6) in base 13?
-60bc46
What is 10142625 (base 7) in base 15?
11c203
What is 1aaa6a (base 11) in base 10?
322057
What is -10aba6 (base 15) in base 6?
-25020020
What is 28c0768 (base 13) in base 3?
220101211200221
-4172598 (base 10) to base 4
-33322230312
What is -21725 (base 12) in base 9?
-66612
Convert -b8a169 (base 12) to base 16.
-2c9061
Convert -2116516 (base 7) to base 15.
-51167
-6f29a (base 16) to base 13
-12c32a
682338 (base 11) to base 8
4112044
-2dfcc (base 16) to base 9
-316343
14ed204 (base 15) to base 16
e7a594
-21311332 (base 5) to base 12
-89464
What is 9424c2 (base 15) in base 14?
d15455
-20321452 (base 6) to base 7
-4660664
What is 21121212110020 (base 3) in base 15?
55095c
-246832 (base 12) to base 3
-1010002022002
-472201 (base 12) to base 14
-21adc5
What is -24214403 (base 5) in base 8?
-671664
Convert 37640 (base 13) to base 8.
307360
What is 2578 (base 9) in base 10?
1934
Convert 184364 (base 11) to base 3.
112102111011
12303031 (base 4) to base 8
66315
Convert 11023 (base 13) to base 6.
354311
-1303022232 (base 4) to base 16
-732ae
Convert -226224656 (base 7) to base 6.
-1214224545
Convert -2024232400 (base 5) to base 2.
-1111110001001001100011
-23ab5 (base 13) to base 3
-10022220211
What is -1001100101110001000 (base 2) in base 16?
-4cb88
Convert -6200645 (base 7) to base 16.
-b49fb
What is 2011304310 (base 5) in base 8?
17227743
-27f65 (base 16) to base 2
-100111111101100101
Convert -63b48 (base 14) to base 2.
-111010110100110100
Convert -201222020201 (base 3) to base 2.
-1011111111110011000
What is -1102200110201 (base 3) in base 6?
-24153031
Convert 1ac774 (base 15) to base 9.
2412871
Convert b5acd (base 15) to base 12.
239541
97aa32 (base 16) to base 2
100101111010101000110010
-7245027 (base 9) to base 14
-72992b
What is 21210001021202 (base 3) in base 12?
14746a8
Convert -87a9f (base 16) to base 2.
-10000111101010011111
Convert -6222321 (base 7) to base 5.
-142321113
34572626 (base 8) to base 10
7533974
What is -367de (base 15) in base 6?
-3421045
4402321 (base 6) to base 12
a63a1
-1101111101001 (base 2) to base 10
-7145
What is -7132636 (base 8) in base 3?
-10112120221021
What is 100111010011101100010 (base 2) in base 14?
257586
Convert -23c6c (base 15) to base 16.
-1be01
-520204 (base 6) to base 10
-41548
What is -2125173 (base 8) in base 5?
-121133211
Convert 1311302 (base 4) to base 7.
30656
Convert -1800738 (base 9) to base 12.
-40532b
Convert 1231122201 (base 4) to base 10.
448161
Convert -e3426 (base 16) to base 10.
-930854
Convert 12021121201 (base 3) to base 8.
313041
100111111101000110 (base 2) to base 13
5964a
-6228821 (base 9) to base 14
-628337
Convert 66634 (base 9) to base 16.
ace1
Convert -8680407 (base 10) to base 8.
-41071727
Convert 29a50 (base 13) to base 11.
54100
-6c4971 (base 14) to base 4
-32013200213
Convert -3626774 (base 8) to base 14.
-1bc780
Convert 2133451 (base 6) to base 5.
11341144
What is -95811 (base 11) in base 12?
-68810
What is 156d8d (base 15) in base 13?
2a3607
Convert 7472076 (base 8) to base 14.
39d4bc
What is -50550 (base 9) in base 8?
-100747
What is -2cbc5 (base 14) in base 9?
-180673
What is 1464801 (base 10) in base 14?
2a1b69
What is 835b4 (base 13) in base 10?
236071
-358653 (base 12) to base 6
-30312143
What is 2939680 (base 13) in base 15?
123c054
236320 (base 8) to base 12
3ab28
14004 (base 10) to base 16
36b4
-51133534 (base 6) to base 4
-11210022202
-238098 (base 12) to base 8
-2140564
Convert 5542601 (base 8) to base 6.
51553013
-2203155 (base 8) to base 15
-ba3b4
What is -cef (base 16) in base 8?
-6357
420244311 (base 5) to base 13
486744
55415 (base 9) to base 16
8fb4
What is -110000000100110110000 (base 2) in base 15?
-211b7e
What is -6616307 (base 10) in base 16?
-64f4f3
34a595 (base 12) to base 14
180c37
What is -1230507 (base 11) in base 10?
-2138198
Convert -2cab71 (base 13) to base 2.
-100001110110011110111
Convert 1563814 (base 10) to base 16.
17dca6
What is 1533110 (base 6) in base 3?
11120121120
303303111001 (base 4) to base 3
221112220200121
150a8 (base 14) to base 15
10759
12211113 (base 8) to base 7
31610255
Convert 867b (base 12) to base 9.
22245
-422430341 (base 5) to base 13
-49a187
Convert 1010232311230 (base 4) to base 6.
1442103004
2202022233 (base 4) to base 6
22123103
What is 5030263 (base 8) in base 7?
14150455
-1302211 (base 7) to base 4
-221032132
Convert -218626 (base 9) to base 4.
-133332321
-2110230103 (base 5) to base 9
-8220500
Convert 220169a (base 13) to base 3.
201120100111020
Convert -b859b (base 13) to base 8.
-1211660
Convert -956250 (base 11) to base 12.
-619b6b
Convert 6571470 (base 8) to base 14.
33d932
What is 4423020201 (base 5) in base 13?
1ca52cc
-29780 (base 14) to base 15
-207c7
-44450541 (base 6) to base 16
-14829d
Convert -17033552 (base 8) to base 4.
-33003131222
Convert 1ef4e (base 16) to base 2.
11110111101001110
What is 302310221 (base 4) in base 8?
626451
3781832 (base 9) to base 4
13313103320
What is 50314 (base 9) in base 2?
1000000100100101
3330330 (base 5) to base 16
e367
What is -124c2a (base 14) in base 9?
-1156432
-a0a072 (base 12) to base 11
-1461617
What is 255273 (base 9) in base 10?
154776
Convert -11101111011011101110000 (base 2) to base 15.
-a4e9e9
-2130466 (base 7) to base 6
-5321344
109a565 (base 11) to base 10
1917316
What is 1032310012 (base 4) in base 16?
4ed06
-100010100100011010000 (base 2) to base 6
-40140120
Convert 632910 (base 13) to base 7.
25500003
What is -22422114 (base 6) in base 15?
-d89dd
Convert 215605544 (base 7) to base 15.
1229e4e
Convert -584302 (base 13) to base 2.
-111111111010010101010
What is -33d16 (base 16) in base 8?
-636426
Convert 227597 (base 11) to base 2.
1011000001111000100
1a977 (base 13) to base 5
3132100
101110101100101 (base 2) to base 9
35715
1221770 (base 8) to base 2
1010010001111111000
-10a1951 (base 14) to base 10
-7918275
What is -111011010001101 (base 2) in base 16?
-768d
What is 110001010011011011 (base 2) in base 8?
612333
Convert 1129016 (base 11) to base 13.
5415a9
Convert 254552644 (base 7) to base 10.
16214965
14300221 (base 5) to base 11
a281a
-56625356 (base 7) to base 10
-4931156
Convert -46905 (base 13) to base 14.
-34dcc
What is -64cdc8 (base 15) in base 9?
-10028538
Convert 1100111111110001100111 (base 2) to base 16.
33fc67
What is 2828a77 (base 11) in base 10?
4872754
-95447 (base 11) to base 10
-138959
Convert 18791 (base 14) to base 4.
33012223
101100111101111110000 (base 2) to base 14
2a4dd6
What is 144bb9 (base 16) in base 15?
1b418a
Convert -210234431 (base 5) to base 8.
-3237424
-36473667 (base 8) to base 12
-2830847
2235897 (base 10) to base 15
2e274c
Convert -2035205 (base 7) to base 14.
-65075
Convert -4632110 (base 7) to base 5.
-122020013
What is 41201212 (base 5) in base 8?
1215335
Convert 1898ab (base 14) to base 11.
545904
129b32 (base 15) to base 10
893522
22021002020000 (base 3) to base 16
430011
1120110112 (base 3) to base 12
15ab8
-b001c (base 16) to base 10
-720924
322231033 (base 4) to base 8
725517
What is -10010111111110110 (base 2) in base 8?
-227766
What is -1884874 (base 10) in base 8?
-7141312
-977496 (base 12) to base 10
-2397426
Convert -aa45c6 (base 14) to base 10.
-5774530
Convert -a61a5 (base 11) to base 14.
-404d2
-326930 (base 13) to base 16
-1217cf
What is 12201435 (base 6) in base 14?
a1b8b
What is -a0ce35 (base 16) in base 14?
-1584817
-10304003140 (base 5) to base 12
-3825b98
What is 112313312 (base 4) in base 8?
266766
What is 2033002332 (base 4) in base 8?
2170276
-90